ative of v(y). Calculate r(-9).
2
Let b(l) be the second derivative of -2*l**5/15 + l**4/24 + 2*l**3/3 + 12*l. Let z(t) be the second derivative of b(t). Let m = -90 + 89. Determine z(m).
17
Let g(d) = -4*d + d**2 - 24 - 6*d + 11*d + 23. Determine g(2).
5
Let j(i) = 2*i**3 - 2*i**2 - 4*i + 10. Let s(h) = h**3 - 2*h**2 - 3*h + 9. Let k(g) = -2*j(g) + 3*s(g). What is k(4)?
-93
Let x(a) = -a**2 + 4*a + 15. Suppose -16*j + 475 = 62*j + 17*j. Calculate x(j).
10
Let c(i) = -14*i**2 + 6 + i**2 + 3 - 14*i + 7*i**2 + 4*i**2. Determine c(-8).
-7
Suppose 4*t + 44 = 8. Let c(j) = -j**3 - 3620 + 11*j - 3610 - 8*j**2 + 7234. Determine c(t).
-14
Let t(v) be the second derivative of 1/60*v**5 - 1/4*v**4 + 0*v**2 + 0 + 11/6*v**3 + 8*v. Let y(z) be the second derivative of t(z). Calculate y(4).
2
Let v(a) = 2*a**2 + 10*a - 14. Let o be 2/(-4) - ((-15)/30 + 6). Give v(o).
-2
Let r be (-5)/10*8 - -22. Let q = r + -17. Let o(w) = -1. Let z(d) = -2*d - 2. Let i(y) = 7*o(y) - 3*z(y). What is i(q)?
5
Let s(z) = -z + 13*z**2 + 2827*z**3 - 2826*z**3 - 158 + 157. Calculate s(-13).
12
Let a(t) = 0*t + 13*t - t + 1 + 3*t. Suppose -2*o - 41*q = -37*q + 16, 0 = -5*o + q - 7. Determine a(o).
-29
Suppose 28 + 20 = -o. Let n = 46 + o. Let p be (-2 - n)/(-6 + 4). Let d(y) = y**3 - y**2 + y + 3. Give d(p).
3
Let h(w) = -w**3 + w**2 + w + 1. Let p(b) = -4*b**3 - 2*b**2 + b + 1. Let o(t) = -3*h(t) + p(t). Suppose -3 = n - l + 6, 3*n = -l - 7. Calculate o(n).
-10
Let g(n) = 168*n - 856. Let z(y) = -13*y + 66. Let l(b) = 5*g(b) + 64*z(b). What is l(5)?
-16
Suppose 20 = -158*j + 160*j. Let a be (2/5)/(j/(-900)*-18). Let p(t) = 5*t - 3. Determine p(a).
7
Let a(m) = -m + 15. Let j be a(9). Let c be (8 - -4) + -7 - (0 - 14). Let b(o) = -34*o**2 + 10*o**2 + o**3 + 2 + c*o**2 - 7*o. Give b(j).
-4
Suppose -q = -3*q. Let y(u) = 1344*u**2 + u**3 - 16 - 410*u**2 - u - 467*u**2 - 468*u**2. What is y(q)?
-16
Let g(n) = n**2 - n - 6. Let o be ((-8)/(-2))/((-2)/7). Let d = 469 - 483. Let a = o - d. What is g(a)?
-6
Suppose -b + 3 = 2*h, -3*b + 2*h = h + 5. Let n = 6 - b. Let c(f) be the third derivative of f**4/24 - f**3/2 - 75*f**2. Calculate c(n).
4
Let m(x) = x**3 - 3*x**2 + 4*x - 3. Let a(t) = t + 4*t + 0*t - 2*t - 15. Let h be a(3). Let j be (h/(-9))/((-4)/(-12)). Calculate m(j).
1
Let f(c) = c**2 + 13*c - 24. Suppose 508 = -55*b - 372. What is f(b)?
24
Let h(j) be the second derivative of -j**4/12 - 3*j**3/2 - j**2 + 4*j - 11146. Suppose -i = 5, 3*p - 17 = p + 5*i. Give h(p).
18
Let d be ((-350)/15)/10*-3. Let a(u) = d*u - 8 - 22*u**2 + 21*u**2 - 2. Let v(k) = k + 13. Let j be v(-6). Give a(j).
-10
Let h(i) = -i - 16. Let v = -2778 - -2784. Give h(v).
-22
Let v = -4597 - -4590. Let d(f) = -9*f + 4. Give d(v).
67
Let c(l) = -94 + 7*l - 12*l + 117. Give c(5).
-2
Let a = -3159 - -3164. Let o(x) = -11*x + 45. Calculate o(a).
-10
Let y(r) = 2*r**3 + 5*r**2 - r - 1. Let h be ((4/6)/2)/((-2)/(-18)). Let m(b) = -3*b**3 - 5*b**2 + 1. Let k(s) = h*m(s) + 4*y(s). Determine k(4).
-1
Let m(j) be the first derivative of j**5/20 + 3*j**4/4 - j**3/3 + j**2 - 190*j - 111. Let b(l) be the first derivative of m(l). Give b(-9).
20
Let f(q) = q**3 + 4*q**2 + 2*q - 7. Suppose 5*a = -3*p + 14, 3*p - a = -p + 11. Suppose y = -o - 3, 4*y + 2*o + 15 = p. What is f(y)?
-4
Let g(t) = 3*t**2 + 18*t - 7. Let b be (54/56 + (-6)/(-21))/(34/(-136)). Give g(b).
-22
Let m(k) be the first derivative of k**2 - 15*k + 751. What is m(-4)?
-23
Let i(a) = 42*a**2 + 1. Let u(o) = 43*o**2 + 1. Let r(d) = -3*i(d) + 2*u(d). Suppose 9*v - 5 + 9 = -5. Calculate r(v).
-41
Suppose 16*o - o = 75. Let c(n) = -n**2 - 8*n - 7. Let s be c(-5). Let m(j) = 7*j**2 - 3 + 6*j - s*j**2 + 1. Calculate m(o).
3
Let k be -7*1 - 100/(-15) - (-3)/9. Let g(w) = -w**2 + 3*w - 6. What is g(k)?
-6
Suppose -b + 7 = -8*b. Let t be b/5 - 87/15. Let o(h) = -6 - 9*h + 2 - 2 + 8*h. Determine o(t).
0
Let z(s) be the second derivative of s**4/12 - 2*s**3 + 12*s**2 - 5*s - 1847. Let b be (-8)/(-12) - 25/(-3). Give z(b).
-3
Let r be 28/(-18)*1278/284. Let t(u) = u**3 + 6*u**2 - 3*u + 9. Determine t(r).
-19
Let v(m) be the first derivative of m**3/6 - 21*m**2/2 + 100*m + 54. Let z(n) be the first derivative of v(n). What is z(0)?
-21
Let k(w) be the first derivative of -5*w**3/3 - 5*w**2/2 - 5*w - 2133. Give k(-3).
-35
Let a(z) be the third derivative of -z**5/30 + z**4/4 + 3*z**3/2 - 1481*z**2 - 2. Determine a(-5).
-71
Let q be (147/28 - 5)/(1/8). Let z(h) = -14*h**2 - 17*h + 13*h**q - 2 + 15*h. What is z(-2)?
-2
Let s be (2/4)/1*48/8. Suppose -x - 2 = g, s*x + 3*g = -x - 6. Let v(l) = -l - 2. Give v(x).
-2
Suppose 5*a = 7*k - 3*k - 17, a = k - 3. Let l(d) = -d**3 - 16*d**2 + 11*d - 15. Let o(g) = -g**3 - 2*g**2 - 1. Let x(n) = k*o(n) + l(n). Give x(11).
-13
Let u(s) = 22*s - 13. Let p(w) = -51*w - 661. Let m be p(-13). Give u(m).
31
Let c(b) = 2*b - b**3 - 1958*b**2 + 0 - 5*b + 2*b**3 - 2 + 1952*b**2. Determine c(5).
-42
Let y = -9856 + 9856. Let b(n) = -11*n + 28. Give b(y).
28
Let y(m) = 4*m - 6. Let f(b) = 7 - 4 + 8*b**2 - 4*b**2 - b. Let x be f(3). Suppose -2*d = -4*p + 2*d + x, 5*d + 25 = 0. What is y(p)?
10
Let m(v) = 408*v - 204*v - 2 - 203*v + 6. Let b(p) = 2*p + 14. Let u(l) = 6*b(l) - 17*m(l). What is u(4)?
-4
Let o = -23 + 19. Suppose -l - 4 = -6. Let n(w) = -2*w**l + 3*w**2 - 4*w**2 + 2*w**2 - 7*w - 1. Determine n(o).
11
Let t be (-5)/2*-9*18/135. Let z(o) = 27*o + 12 - t*o**2 + o**3 - 5 - 34*o. Determine z(4).
-5
Let g(l) = 59*l - 52. Let z(p) = 188*p - 158. Let j(y) = -10*g(y) + 3*z(y). Give j(2).
-6
Let o(w) be the first derivative of w**4/4 + 43*w**3/3 + 7*w**2/2 + 306*w + 5804. Give o(-43).
5
Let w(y) = 54*y**3 - 44*y**2 - 10*y + 53. Let j(p) = -23*p**3 + 21*p**2 + 4*p - 27. Let i(l) = -7*j(l) - 3*w(l). What is i(-15)?
0
Suppose -157 = 4*y - 177. Suppose 0 = -y*i - c + 5, -7*c + 11*c + 24 = 2*i. Let v(f) = 3*f**3 - 2*f**2 - 2*f + 3. Calculate v(i).
15
Let y(m) be the third derivative of -m**7/2520 + m**6/72 - m**5/60 - m**4/24 + 25*m**3/6 - 58*m**2. Let s(w) be the second derivative of y(w). Give s(10).
-2
Let i(k) = -k + 2. Let j be (37/(-3))/((-26)/78). Let z(t) = -t**3 + 37*t**2 - 3. Let f be z(j). Determine i(f).
5
Let x(p) be the third derivative of -11*p**6/120 + p**4/24 + 2*p**2. Let n = 388826 + -388827. What is x(n)?
10
Let y be ((-4)/(-6))/(33 - 4747/141). Let x(k) = -6*k**3 + 2*k**2 - 5*k - 6. Determine x(y).
7
Let m(o) = -2*o**2 - 10*o - 11. Let w(n) = n**2 + 10*n + 10. Let d(f) = 2*m(f) + 3*w(f). Suppose 4 - 60 = -7*j. What is d(j)?
24
Let n(j) = 9*j + 277. Let o(x) = -275*x**2 + 3298*x - 7. Let c be o(12). Give n(c).
-2
Suppose -2*c + 3 + 1 = -2*g, -5*c + 10 = 3*g. Let j(n) = -2 + 4 - 3 - c - n. What is j(-3)?
0
Let x(w) = w + 3. Let i(r) = -r - 5. Let n be i(-9). Suppose 0 = -10*l + 9*l + n. Let a be (7/l)/((-2)/8). Give x(a).
-4
Let d(j) = 2*j**3 + 3*j**2 + 3*j + 3. Suppose -15*u - 60 = 45 - 150. Determine d(u).
93
Let b = -73 + 74. Let v(x) = 1 + 29*x - 32*x + 1. What is v(b)?
-1
Let s(t) be the first derivative of 2*t**3/3 - t**2 + 2*t + 1411. Suppose -2 = -2*y, 17 = 5*r + y + y. Let x = -1 + r. What is s(x)?
6
Let l = 118 - 123. Let z be (4/l)/((-16)/160). Let h(t) = t**2 - 10*t + 11. What is h(z)?
-5
Let f(u) = -u**2 - 13*u - 37. Suppose -r = -7*r - 3*z - 42, 5*z + 20 = 0. Determine f(r).
3
Let r(z) be the third derivative of z**6/120 - z**5/20 - 5*z**4/24 + z**3/6 + 5*z**2. Suppose 0 = -2*o, -5*w - 4*o + 82 + 18 = 0. Let a = -16 + w. What is r(a)?
-3
Let n(a) be the first derivative of -7*a**2/2 - 31*a - 4579. What is n(-5)?
4
Let y = 111 - 106. Let i(o) = 48*o - 26. Let j(p) = 17*p - 9. Let t(s) = 5*i(s) - 14*j(s). Determine t(y).
6
Let l(q) be the second derivative of -q**5/120 + q**4/8 - 10*q**3 - 9*q - 1. Let w(z) be the second derivative of l(z). Give w(6).
-3
Let b(i) = -7*i - 4. Suppose 27*p + 4*o - 28 = 36*p, 3*o - 21 = 5*p. Determine b(p).
-4
Let j(h) = -6*h + 10. Let q = 3341 + -3344. What is j(q)?
28
Let u(w) = 3*w**2 - 20*w - 3. Let b be u(7). Suppose 37 = b*h - 15. Suppose -3*z + h = -2. Let m(o) = -o - 1. Calculate m(z).
-6
Let f = 4 - 5. Let h be (3/1 - 2)*f. Let g(v) = 18*v**3 - 5*v**2 + 74*v - 6. Let y(k) = -k**3 - k**2 + 15*k - 1. Let j(b) = -g(b) + 5*y(b). What is j(h)?
23
Let a(z) be the first derivative o